
5
Let j = -4 + 19. What are the prime factors of j?
3, 5
Let x(r) = -30*r**3 + r**2 + r - 1. Let s be x(-1). Suppose 5*q = c + 12, 2*c - s = -c + 2*q. What are the prime factors of c?
13
Let t be (-1)/((-3)/(-2))*3. What are the prime factors of (-1)/4*t*22?
11
Let l(g) = -7*g - 25. List the prime factors of l(-34).
3, 71
What are the prime factors of 9/(-12) + (-158)/(-8)?
19
Suppose 6*f = 3*f + 24. List the prime factors of f.
2
Suppose -p = -3*b - 2, 3*b = 5*b. Suppose -p*w = -7*w + 2*q + 21, 3*q = -2*w + 16. Suppose 4*y - 4 = 2*d, -d - w + 28 = 3*y. What are the prime factors of d?
2
Suppose -r + 0*r = 0. Suppose 4*b - 4 = 4*v, 0 = -2*v - 5*b + 11 + 15. Suppose v*d + 0 - 18 = r. List the prime factors of d.
2, 3
Let a(o) = -2*o**3 - 2*o**2 + 3*o + 2. Let y be a(-2). Suppose -4*c + j = -53, 0 = 5*c - y*j - 28 - 52. What are the prime factors of c?
2, 3
Suppose 17*p = 21*p - 792. What are the prime factors of p?
2, 3, 11
Let a = 367 - 192. What are the prime factors of a?
5, 7
Let p(a) = -5*a - 3. Let m = 3 - 6. Let f be p(m). Suppose z - f = -z. What are the prime factors of z?
2, 3
Suppose -2*k + 6*m = 4*m - 4, 4*m = 16. Suppose 2*v + k = 3*v. List the prime factors of v.
2, 3
Let l be (-20 - -4)/(2/4). List the prime factors of ((-3)/4)/(2/l).
2, 3
Let z(i) = i**3 - 6*i**2 + 5*i + 3. Let r be z(5). Suppose r*v = 7*v - 60. What are the prime factors of v?
3, 5
Let p be 3 - 1 - (11 + -43). Let f = -13 + p. List the prime factors of f.
3, 7
Suppose 68 = -4*w + 28. Let h be 2/4 + (-75)/w. Suppose 5*g = 12 + h. What are the prime factors of g?
2
Suppose 48 = -3*p + 237. What are the prime factors of p?
3, 7
Let r(o) = o**3 + 6*o**2 + 5. Let c(w) = 2*w + 14. Let v be c(-10). List the prime factors of r(v).
5
Suppose 2*z + 8 - 2 = 0, 24 = 3*m - z. Let o(u) be the second derivative of -u**5/20 + u**4/2 + 3*u**3/2 - 9*u**2/2 - u. What are the prime factors of o(m)?
5
Let j be ((-1485)/(-22))/((-1)/(-2)). Suppose j = 2*p + 35. List the prime factors of p.
2, 5
Let z(b) = b**3 + 2*b**2 - 2*b - 1. Let p be -3 + (0 - (2 + -3)). What are the prime factors of z(p)?
3
Suppose -5*m = -15, 19 = 3*n + 5*m - 17. Let u = n - -16. What are the prime factors of u?
23
What are the prime factors of ((-7)/1)/(8/(-24))?
3, 7
List the prime factors of (1584/(-54))/(2/(-6)).
2, 11
Suppose 0 = -4*f + 306 - 62. List the prime factors of f.
61
Suppose -3*i = 3*b + 30, 3*i = -b + 3*b - 10. Let w(t) = -t + 3. What are the prime factors of w(i)?
3
Suppose 6*o = -27 - 27. Let q(t) = t**3 + 8*t**2 - 10*t + 11. What are the prime factors of q(o)?
2, 5
Let m(d) = d**2 + d - 17. Let x be m(0). Let y = -6 - x. List the prime factors of y.
11
Let o(g) be the first derivative of -g**5/20 - g**4/12 - g**2/2 + g + 2. Let q(a) be the first derivative of o(a). What are the prime factors of q(-3)?
17
Let y = 20 - -17. List the prime factors of y.
37
Let s = 1 + -3. Let r be ((-18)/(-4))/((-1)/s). Let b = -5 + r. What are the prime factors of b?
2
Let c(q) = 13 + 2*q - 3 - q - 2*q. Let g be 6/12 - 22/(-4). What are the prime factors of c(g)?
2
Suppose o + 2*o + 27 = 0. Let x = o - -3. List the prime factors of ((-108)/(-42))/(x/(-28)).
2, 3
Let g be (-8 - -7)/(-1*1). Let t(x) = -6*x**2 + 8*x**2 + 10*x**2. What are the prime factors of t(g)?
2, 3
Let x be (-4)/2 - (1 + 2). Let t = x + 8. Suppose -c - 2 = 0, t*c - 2*c - 15 = -w. What are the prime factors of w?
17
Suppose -4*x + 96 = 4*w, x - 112 = -4*w + 5*x. What are the prime factors of w?
2, 13
Let c(z) = 1 - 4*z + 3*z + 14*z - 2. What are the prime factors of c(1)?
2, 3
Let t(k) be the second derivative of -2*k**3/3 - 2*k**2 + 2*k. List the prime factors of t(-3).
2
Suppose k - s + 2 = s, 0 = -5*k + 2*s - 2. Suppose 3*b - 76 = -4*f, -4*b + 2*b + f + 69 = k. What are the prime factors of b?
2
Suppose 2*g + 8 = 5*y, y - 3*g = -g. Suppose y*v + v + 18 = 0. Let l = -1 - v. What are the prime factors of l?
5
Let y be 1*3*140/(-15). Let n = -13 - y. What are the prime factors of n?
3, 5
Let o(g) = 2*g**2 - 6*g + 2. Let z be o(4). Suppose -4*n + z = n. Suppose 0 = 4*r + 5*k - 38, -3*k + n*k = 4*r - 30. List the prime factors of r.
7
Let j = 19 + 38. Let p = j - 32. List the prime factors of p.
5
Let i = 13 + -9. What are the prime factors of 3/2 - (-50)/i?
2, 7
Suppose -5*s + 380 = 5*o - 150, 312 = 3*o + 5*s. List the prime factors of o.
109
Let k = 51 - 33. Let a be (3/(-9))/(2/k). Let t(o) = -6*o - 4. What are the prime factors of t(a)?
2, 7
Suppose 0 = -0*p - 3*p. Let n = p + 3. List the prime factors of n.
3
Let g be -9*(9/(-3) - -6). Let z = 38 + g. What are the prime factors of z?
11
Let s be 2 + 0 - 1 - -2. Suppose 38 = s*i + c, 2*i - 5*c - 90 = -3*i. List the prime factors of i.
2, 7
Let x(w) be the first derivative of -w**3/3 + 7*w + 2. Let c be x(0). Let f = 1 + c. What are the prime factors of f?
2
What are the prime factors of 15 - (-6)/(6 + -4)?
2, 3
Let n = 10 + -2. What are the prime factors of n?
2
What are the prime factors of ((-12)/5)/(-6) - (-263)/5?
53
Let y = 86 + -49. List the prime factors of y.
37
Let c(v) = 4*v**2 + v + 4. What are the prime factors of c(-2)?
2, 3
Suppose -7*a = j - 3*a - 16, a - 139 = -4*j. Suppose 5*i + 2*l - 74 = j, 0 = 3*i + l - 66. What are the prime factors of i?
2, 11
Let l(t) = t + 3. Let u be l(2). Suppose -u*s = -76 - 129. List the prime factors of s.
41
Suppose 10*j = 4*j + 1062. What are the prime factors of j?
3, 59
Let d be 3/(6*(-3)/(-24)). Suppose -n + d + 1 = 0. What are the prime factors of n?
5
Suppose 4*a + 8 = -12. Let f(m) = m**3 + 4*m**2 - 7*m - 5. Let b be f(a). Suppose 3*s - b*z - 47 = -0*z, -2*s + 38 = -5*z. What are the prime factors of s?
3
Let a = 7 + 4. Let u = 20 - a. List the prime factors of u.
3
Let q(w) = w**3 - 6*w**2 - 6*w - 5. Let z be q(7). Suppose 3*v - 4*u = 44, 34 = 2*v + 4*u - z*u. List the prime factors of v.
2
Suppose 0 = 4*q - 5*q + 19. What are the prime factors of q?
19
Let t = 434 - 305. List the prime factors of t.
3, 43
Let f be 2/(-4) + 58/4. Let o = f + -6. List the prime factors of o.
2
Let t(b) = 2*b + 1. List the prime factors of t(11).
23
Let h = -55 - -80. Let w = h - 15. What are the prime factors of w?
2, 5
Suppose -2*z - 4 = -4*o, z - 6*z + 3*o = -18. List the prime factors of z.
2, 3
Let d(s) be the first derivative of s**4/4 + 5*s**3/3 - 5*s**2/2 + 4*s + 7. List the prime factors of d(-5).
29
Let p(h) = 4*h**2 + 2*h - 12. What are the prime factors of p(-5)?
2, 3, 13
Let r(z) = -z**2 + 11*z + 3. Let d = -21 + 61. Suppose d = -3*a + 7*a. What are the prime factors of r(a)?
13
Let n(m) = -12*m - 3. Let w be n(-2). List the prime factors of 384/w + 4/(-14).
2, 3
Let j(l) be the third derivative of -l**6/120 - l**5/12 - l**4/6 + l**3/2 + l**2. Let g be j(-4). Let c = 8 - g. What are the prime factors of c?
5
Let s = -7 - -4. List the prime factors of (-33)/(s + (-2 - -4)).
3, 11
Suppose 3*x - 28 = 2*x. Suppose 2*k - 3*k = -5*g + 98, g - 3*k = x. List the prime factors of g.
19
Let m = -5 - -10. Suppose -17 = -3*r + p - 7, -30 = -m*r - 5*p. Suppose 14 = r*b - 2*b + 3*w, 0 = 5*b + 4*w - 42. What are the prime factors of b?
2, 5
Suppose -12 = -5*v + 193. What are the prime factors of v?
41
Let l = -29 - -21. Let t(a) be the second derivative of -a**3/6 + 3*a**2/2 - 5*a. List the prime factors of t(l).
11
What are the prime factors of (0 - 164/(-8))*2?
41
Let g(u) = u**3 + 3*u**2 - 5*u - 2. Let w be g(-4). Suppose 5*i - 144 = -w*x - 45, 2*i - 2*x = 34. What are the prime factors of i?
19
Let b(h) = h - 2. Let l be b(5). Suppose -3*z + l*p + 54 = -120, 0 = p + 2. Suppose 4*x = 2*f + x - 36, -z = -5*f - x. List the prime factors of f.
2, 3
Suppose -5*m + 3*d + 89 = 0, 3*m - 53 = -0*m + 2*d. List the prime factors of m.
19
Let l be (6/(-8))/(1/(-8)). Let t = -5 - -8. Let o = l - t. List the prime factors of o.
3
Let q = 61 + -27. List the prime factors of q.
2, 17
List the prime factors of 4/(-8) - -1*(-158)/(-4).
3, 13
Let w be ((-8)/20)/((-2)/(-10)). Let v(o) = -6*o - 1. List the prime factors of v(w).
11
Suppose 19*b = -0*b + 3173. What are the prime factors of b?
167
Suppose -5*w + 17 = -i + 3*i, 5*i - 3*w + 4 = 0. Let y be i - (2 + 0 + 0). Let n(x) = 6*x**2 - x. List the prime factors of n(y).
7
Let g = 31 + -19. Let c be 2/6 + 20/g. Su